{"id":9,"date":"2024-02-29T09:30:14","date_gmt":"2024-02-29T08:30:14","guid":{"rendered":"https:\/\/zelecsky-hradek.cz\/?page_id=9"},"modified":"2024-03-20T10:54:20","modified_gmt":"2024-03-20T09:54:20","slug":"o-nas","status":"publish","type":"page","link":"https:\/\/zelecsky-hradek.cz\/index.php\/o-nas\/","title":{"rendered":"O n\u00e1s"},"content":{"rendered":"\n<div class=\"wp-block-group alignfull has-accent-background-color has-background has-global-padding is-layout-constrained wp-container-core-group-is-layout-669513ed wp-block-group-is-layout-constrained\" style=\"margin-top:0;margin-bottom:0;padding-top:var(--wp--preset--spacing--50);padding-right:var(--wp--preset--spacing--50);padding-bottom:var(--wp--preset--spacing--50);padding-left:var(--wp--preset--spacing--50)\">\n<div class=\"wp-block-columns alignwide is-layout-flex wp-container-core-columns-is-layout-1da03c2a wp-block-columns-is-layout-flex\">\n<div class=\"wp-block-column is-vertically-aligned-stretch is-layout-flow wp-block-column-is-layout-flow\" style=\"flex-basis:50%\">\n<div class=\"wp-block-group is-vertical is-content-justification-stretch is-layout-flex wp-container-core-group-is-layout-444d5ee8 wp-block-group-is-layout-flex\" style=\"min-height:100%\">\n<p class=\"has-heading-font-family has-large-font-size\" style=\"line-height:1.2\">U\u017e p\u0159es 40 let se v\u011bnuji v\u00fdcviku ps\u016f. Nejd\u0159\u00edve to byli n\u011bme\u010dt\u00ed ov\u010d\u00e1ci a dnes to jsou Border collie.<br><br>Od roku 1999 je zalo\u017eena na\u0161e chovn\u00e1 stanice \u017dele\u010dsk\u00fd hr\u00e1dek. Tuto chovnou stanici zalo\u017eila fena n\u011bmeck\u00e9ho ov\u010d\u00e1ka Dona Due-fa.<\/p>\n\n\n\n<div class=\"wp-block-group has-global-padding is-content-justification-left is-layout-constrained wp-container-core-group-is-layout-9fe8ed88 wp-block-group-is-layout-constrained\">\n<p class=\"wp-container-content-0733e5d0\">V\u00edce o m\u011b a historii chovn\u00e9 stanice se dozv\u00edte zde<\/p>\n\n\n\n<div class=\"wp-block-buttons is-layout-flex wp-block-buttons-is-layout-flex\">\n<div class=\"wp-block-button\"><a class=\"wp-block-button__link wp-element-button\" href=\"https:\/\/zelecsky-hradek.cz\/index.php\/nasi-pejsci\/archiv-nemecti-ovcaci\/\">Historie<\/a><\/div>\n<\/div>\n<\/div>\n<\/div>\n<\/div>\n\n\n\n<div class=\"wp-block-column is-vertically-aligned-center is-layout-flow wp-block-column-is-layout-flow\" style=\"flex-basis:50%\">\n<figure class=\"wp-block-image size-full is-style-rounded is-style-rounded--1\"><img loading=\"lazy\" decoding=\"async\" width=\"510\" height=\"718\" src=\"https:\/\/zelecsky-hradek.cz\/wp-content\/uploads\/2024\/02\/mamka_se_stenetem.jpg\" alt=\"\" class=\"wp-image-10\" style=\"aspect-ratio:3\/4;object-fit:cover\" srcset=\"https:\/\/zelecsky-hradek.cz\/wp-content\/uploads\/2024\/02\/mamka_se_stenetem.jpg 510w, https:\/\/zelecsky-hradek.cz\/wp-content\/uploads\/2024\/02\/mamka_se_stenetem-213x300.jpg 213w\" sizes=\"auto, (max-width: 510px) 100vw, 510px\" \/><\/figure>\n<\/div>\n<\/div>\n<\/div>\n\n\n\n<div class=\"wp-block-group alignfull has-accent-5-background-color has-background has-global-padding is-layout-constrained wp-container-core-group-is-layout-d89aad35 wp-block-group-is-layout-constrained\" style=\"margin-top:0;margin-bottom:0;padding-top:var(--wp--preset--spacing--50);padding-right:var(--wp--preset--spacing--50);padding-bottom:var(--wp--preset--spacing--50);padding-left:var(--wp--preset--spacing--50)\">\n<div class=\"wp-block-columns alignwide is-layout-flex wp-container-core-columns-is-layout-1da03c2a wp-block-columns-is-layout-flex\">\n<div class=\"wp-block-column is-vertically-aligned-center is-layout-flow wp-block-column-is-layout-flow\" style=\"flex-basis:60%\">\n<figure class=\"wp-block-image size-full is-style-rounded wp-duotone-duotone-1 is-style-rounded--2\"><img loading=\"lazy\" decoding=\"async\" width=\"686\" height=\"469\" src=\"https:\/\/zelecsky-hradek.cz\/wp-content\/uploads\/2024\/02\/certifikace_chovatelske_stanice_zelecsky_hradek_ok1.jpg\" alt=\"\" class=\"wp-image-11\" style=\"aspect-ratio:4\/3;object-fit:cover\" srcset=\"https:\/\/zelecsky-hradek.cz\/wp-content\/uploads\/2024\/02\/certifikace_chovatelske_stanice_zelecsky_hradek_ok1.jpg 686w, https:\/\/zelecsky-hradek.cz\/wp-content\/uploads\/2024\/02\/certifikace_chovatelske_stanice_zelecsky_hradek_ok1-300x205.jpg 300w\" sizes=\"auto, (max-width: 686px) 100vw, 686px\" \/><\/figure>\n<\/div>\n\n\n\n<div class=\"wp-block-column is-layout-flow wp-block-column-is-layout-flow\" style=\"flex-basis:40%\">\n<p>Od roku 2004 se v\u011bnujeme chovu a v\u00fdcviku Border colli\u00ed. Na\u0161i psi jsou vyu\u017e\u00edv\u00e1ni pracovn\u011b, p\u0159edev\u0161\u00edm ke sportovn\u00ed kynologii, pasen\u00ed i agilit\u00e1m.<\/p>\n\n\n\n<p>Na\u0161\u00edm c\u00edlem je vychov\u00e1vat pracovn\u00ed a hlavn\u011b zdrav\u00e9 borderky.<\/p>\n\n\n\n<p><\/p>\n\n\n\n<div class=\"wp-block-buttons is-layout-flex wp-block-buttons-is-layout-flex\">\n<div class=\"wp-block-button\"><a class=\"wp-block-button__link wp-element-button\" href=\"https:\/\/zelecsky-hradek.cz\/index.php\/o-nas\/rodokmeny-a-zdravi\/\">Rodokmeny a zdrav\u00ed<\/a><\/div>\n<\/div>\n<\/div>\n<\/div>\n<\/div>\n\n\n","protected":false},"excerpt":{"rendered":"<p>U\u017e p\u0159es 40 let se v\u011bnuji v\u00fdcviku ps\u016f. Nejd\u0159\u00edve to byli n\u011bme\u010dt\u00ed ov\u010d\u00e1ci a dnes to jsou Border collie. Od roku 1999 je zalo\u017eena na\u0161e chovn\u00e1 stanice \u017dele\u010dsk\u00fd hr\u00e1dek. Tuto chovnou stanici zalo\u017eila fena n\u011bmeck\u00e9ho ov\u010d\u00e1ka Dona Due-fa. V\u00edce o m\u011b a historii chovn\u00e9 stanice se dozv\u00edte zde Od roku 2004 se v\u011bnujeme chovu a [&hellip;]<\/p>\n","protected":false},"author":1,"featured_media":0,"parent":0,"menu_order":2,"comment_status":"closed","ping_status":"closed","template":"","meta":{"ngg_post_thumbnail":0,"footnotes":""},"class_list":["post-9","page","type-page","status-publish","hentry"],"_links":{"self":[{"href":"https:\/\/zelecsky-hradek.cz\/index.php\/wp-json\/wp\/v2\/pages\/9","targetHints":{"allow":["GET"]}}],"collection":[{"href":"https:\/\/zelecsky-hradek.cz\/index.php\/wp-json\/wp\/v2\/pages"}],"about":[{"href":"https:\/\/zelecsky-hradek.cz\/index.php\/wp-json\/wp\/v2\/types\/page"}],"author":[{"embeddable":true,"href":"https:\/\/zelecsky-hradek.cz\/index.php\/wp-json\/wp\/v2\/users\/1"}],"replies":[{"embeddable":true,"href":"https:\/\/zelecsky-hradek.cz\/index.php\/wp-json\/wp\/v2\/comments?post=9"}],"version-history":[{"count":4,"href":"https:\/\/zelecsky-hradek.cz\/index.php\/wp-json\/wp\/v2\/pages\/9\/revisions"}],"predecessor-version":[{"id":1290,"href":"https:\/\/zelecsky-hradek.cz\/index.php\/wp-json\/wp\/v2\/pages\/9\/revisions\/1290"}],"wp:attachment":[{"href":"https:\/\/zelecsky-hradek.cz\/index.php\/wp-json\/wp\/v2\/media?parent=9"}],"curies":[{"name":"wp","href":"https:\/\/api.w.org\/{rel}","templated":true}]}}

O nás

<div class="wp-block-group alignfull has-accent-background-color has-background has-global-padding is-layout-constrained wp-container-core-group-is-layout-669513ed wp-block-group-is-layout-constrained" style="margin-top:0;margin-bottom:0;padding-top:var(--wp--preset--spacing--50);padding-right:var(--wp--preset--spacing--50);padding-bottom:var(--wp--preset--spacing--50);padding-left:var(--wp--preset--spacing--50)">
<div class="wp-block-columns alignwide is-layout-flex wp-container-core-columns-is-layout-1da03c2a wp-block-columns-is-layout-flex">
<div class="wp-block-column is-vertically-aligned-stretch is-layout-flow wp-block-column-is-layout-flow" style="flex-basis:50%">
<div class="wp-block-group is-vertical is-content-justification-stretch is-layout-flex wp-container-core-group-is-layout-444d5ee8 wp-block-group-is-layout-flex" style="min-height:100%">
<p class="has-heading-font-family has-large-font-size" style="line-height:1.2">Už přes 40 let se věnuji výcviku psů. Nejdříve to byli němečtí ovčáci a dnes to jsou Border collie.<br><br>Od roku 1999 je založena naše chovná stanice Želečský hrádek. Tuto chovnou stanici založila fena německého ovčáka Dona Due-fa.</p>



<div class="wp-block-group has-global-padding is-content-justification-left is-layout-constrained wp-container-core-group-is-layout-9fe8ed88 wp-block-group-is-layout-constrained">
<p class="wp-container-content-0733e5d0">Více o mě a historii chovné stanice se dozvíte zde</p>



<div class="wp-block-buttons is-layout-flex wp-block-buttons-is-layout-flex">
<div class="wp-block-button"><a class="wp-block-button__link wp-element-button" href="https://zelecsky-hradek.cz/index.php/nasi-pejsci/archiv-nemecti-ovcaci/">Historie</a></div>
</div>
</div>
</div>
</div>



<div class="wp-block-column is-vertically-aligned-center is-layout-flow wp-block-column-is-layout-flow" style="flex-basis:50%">
<figure class="wp-block-image size-full is-style-rounded is-style-rounded--1"><img loading="lazy" decoding="async" width="510" height="718" src="https://zelecsky-hradek.cz/wp-content/uploads/2024/02/mamka_se_stenetem.jpg" alt="" class="wp-image-10" style="aspect-ratio:3/4;object-fit:cover" srcset="https://zelecsky-hradek.cz/wp-content/uploads/2024/02/mamka_se_stenetem.jpg 510w, https://zelecsky-hradek.cz/wp-content/uploads/2024/02/mamka_se_stenetem-213x300.jpg 213w" sizes="auto, (max-width: 510px) 100vw, 510px" /></figure>
</div>
</div>
</div>



<div class="wp-block-group alignfull has-accent-5-background-color has-background has-global-padding is-layout-constrained wp-container-core-group-is-layout-d89aad35 wp-block-group-is-layout-constrained" style="margin-top:0;margin-bottom:0;padding-top:var(--wp--preset--spacing--50);padding-right:var(--wp--preset--spacing--50);padding-bottom:var(--wp--preset--spacing--50);padding-left:var(--wp--preset--spacing--50)">
<div class="wp-block-columns alignwide is-layout-flex wp-container-core-columns-is-layout-1da03c2a wp-block-columns-is-layout-flex">
<div class="wp-block-column is-vertically-aligned-center is-layout-flow wp-block-column-is-layout-flow" style="flex-basis:60%">
<figure class="wp-block-image size-full is-style-rounded wp-duotone-duotone-1 is-style-rounded--2"><img loading="lazy" decoding="async" width="686" height="469" src="https://zelecsky-hradek.cz/wp-content/uploads/2024/02/certifikace_chovatelske_stanice_zelecsky_hradek_ok1.jpg" alt="" class="wp-image-11" style="aspect-ratio:4/3;object-fit:cover" srcset="https://zelecsky-hradek.cz/wp-content/uploads/2024/02/certifikace_chovatelske_stanice_zelecsky_hradek_ok1.jpg 686w, https://zelecsky-hradek.cz/wp-content/uploads/2024/02/certifikace_chovatelske_stanice_zelecsky_hradek_ok1-300x205.jpg 300w" sizes="auto, (max-width: 686px) 100vw, 686px" /></figure>
</div>



<div class="wp-block-column is-layout-flow wp-block-column-is-layout-flow" style="flex-basis:40%">
<p>Od roku 2004 se věnujeme chovu a výcviku Border collií. Naši psi jsou využíváni pracovně, především ke sportovní kynologii, pasení i agilitám.</p>



<p>Naším cílem je vychovávat pracovní a hlavně zdravé borderky.</p>



<p></p>



<div class="wp-block-buttons is-layout-flex wp-block-buttons-is-layout-flex">
<div class="wp-block-button"><a class="wp-block-button__link wp-element-button" href="https://zelecsky-hradek.cz/index.php/o-nas/rodokmeny-a-zdravi/">Rodokmeny a zdraví</a></div>
</div>
</div>
</div>
</div>

<p>Už přes 40 let se věnuji výcviku psů. Nejdříve to byli němečtí ovčáci a dnes to jsou Border collie. Od roku 1999 je založena naše chovná stanice Želečský hrádek. Tuto chovnou stanici založila fena německého ovčáka Dona Due-fa. Více o mě a historii chovné stanice se dozvíte zde Od roku 2004 se věnujeme chovu a [&hellip;]</p>
