{"id":39,"date":"2024-02-29T14:48:20","date_gmt":"2024-02-29T13:48:20","guid":{"rendered":"https:\/\/zelecsky-hradek.cz\/?page_id=39"},"modified":"2024-03-03T11:04:02","modified_gmt":"2024-03-03T10:04:02","slug":"archiv-nemecti-ovcaci","status":"publish","type":"page","link":"https:\/\/zelecsky-hradek.cz\/index.php\/nasi-pejsci\/archiv-nemecti-ovcaci\/","title":{"rendered":"Archiv"},"content":{"rendered":"\n<div class=\"wp-block-group alignfull has-accent-2-background-color has-background has-global-padding is-layout-constrained wp-container-core-group-is-layout-669513ed wp-block-group-is-layout-constrained\" style=\"margin-top:0;margin-bottom:0;padding-top:var(--wp--preset--spacing--50);padding-right:var(--wp--preset--spacing--50);padding-bottom:var(--wp--preset--spacing--50);padding-left:var(--wp--preset--spacing--50)\">\n<div class=\"wp-block-columns alignwide is-layout-flex wp-container-core-columns-is-layout-28f84493 wp-block-columns-is-layout-flex\">\n<div class=\"wp-block-column is-layout-flow wp-block-column-is-layout-flow\" style=\"flex-basis:40%\">\n<p class=\"wp-container-content-0733e5d0\">Jmenuji se Jana V\u00e1gnerov\u00e1 a r\u00e1da bych se v\u00e1m p\u0159edstavila: <\/p>\n<\/div>\n\n\n\n<div class=\"wp-block-column is-layout-flow wp-block-column-is-layout-flow\" style=\"flex-basis:60%\">\n<p class=\"has-heading-font-family has-large-font-size\" style=\"line-height:1.2\">Psi byli moj\u00ed l\u00e1skou u\u017e od ml\u00e1d\u00ed. Jako d\u00edt\u011b jsme bydleli v panel\u00e1ku a tak jsem nemohla m\u00edt \u017e\u00e1dn\u00e9ho pejska. O to v\u00edc m\u011b to t\u00e1hlo k sousedovic Erysovi, byl to Pudl kr\u00e1lovsk\u00fd. V ka\u017ed\u00e9 voln\u00e9 chv\u00edli jsem s n\u00edm chodila ven.<\/p>\n<\/div>\n<\/div>\n\n\n\n<div class=\"wp-block-group alignwide is-content-justification-left is-nowrap is-layout-flex wp-container-core-group-is-layout-fc9f69e7 wp-block-group-is-layout-flex\">\n<div class=\"wp-block-group alignwide has-global-padding is-layout-constrained wp-block-group-is-layout-constrained\">\n<figure class=\"wp-block-gallery alignwide has-nested-images columns-default is-cropped wp-block-gallery-3 is-layout-flex wp-block-gallery-is-layout-flex\">\n<figure class=\"wp-block-image size-large has-custom-border is-style-default\"><img loading=\"lazy\" decoding=\"async\" width=\"594\" height=\"810\" data-id=\"40\" src=\"https:\/\/zelecsky-hradek.cz\/wp-content\/uploads\/2024\/02\/archiv_mamka_a_erys.jpg\" alt=\"\" class=\"wp-image-40\" style=\"border-radius:22px\" srcset=\"https:\/\/zelecsky-hradek.cz\/wp-content\/uploads\/2024\/02\/archiv_mamka_a_erys.jpg 594w, https:\/\/zelecsky-hradek.cz\/wp-content\/uploads\/2024\/02\/archiv_mamka_a_erys-220x300.jpg 220w\" sizes=\"auto, (max-width: 594px) 100vw, 594px\" \/><\/figure>\n\n\n\n<figure class=\"wp-block-image size-large is-style-rounded wp-duotone-unset-2 is-style-rounded--1\"><img loading=\"lazy\" decoding=\"async\" width=\"238\" height=\"300\" data-id=\"41\" src=\"https:\/\/zelecsky-hradek.cz\/wp-content\/uploads\/2024\/02\/okresni_liga_kynologie_vyskov_1.misto_.jpg\" alt=\"\" class=\"wp-image-41\"\/><\/figure>\n<\/figure>\n<\/div>\n<\/div>\n\n\n\n<p>Pozd\u011bji jsem si koupila m\u00e9ho prvn\u00edho vlastn\u00edho psa. Byla to fena n\u011bmeck\u00e9ho ov\u010d\u00e1ka a jmenovala se Evora.<br>S Evorou jsem se \u00fa\u010dastnila mnoha z\u00e1vod\u016f a zkou\u0161ek. Jedn\u00edm ze z\u00e1vod\u016f byla Okresn\u00ed liga kynologie ve Vy\u0161kov\u011b v roce 1984. Um\u00edstily jsme se na \u00fa\u017easn\u00e9m 1. m\u00edst\u011b.<\/p>\n<\/div>\n\n\n\n<div class=\"wp-block-group alignfull has-base-background-color has-background has-global-padding is-layout-constrained wp-container-core-group-is-layout-d89aad35 wp-block-group-is-layout-constrained\" style=\"margin-top:0;margin-bottom:0;padding-top:var(--wp--preset--spacing--50);padding-right:var(--wp--preset--spacing--50);padding-bottom:var(--wp--preset--spacing--50);padding-left:var(--wp--preset--spacing--50)\">\n<div class=\"wp-block-group alignwide has-global-padding is-layout-constrained wp-block-group-is-layout-constrained\">\n<div class=\"wp-block-columns alignwide is-layout-flex wp-container-core-columns-is-layout-549b0c86 wp-block-columns-is-layout-flex\">\n<div class=\"wp-block-column is-layout-flow wp-container-core-column-is-layout-119bc444 wp-block-column-is-layout-flow\" style=\"flex-basis:50%\">\n<p class=\"has-heading-font-family has-x-large-font-size\" style=\"line-height:1.2\">Arys Trstan<\/p>\n\n\n\n<div class=\"wp-block-columns is-layout-flex wp-container-core-columns-is-layout-87beb0d0 wp-block-columns-is-layout-flex\">\n<div class=\"wp-block-column is-layout-flow wp-block-column-is-layout-flow\">\n<p>Arys Trstan byl n\u011bmeck\u00fd ov\u010d\u00e1k s opravdu tvrdou povahou. Byl \u010dern\u00fd se znaky, narodil se roce 1993 a zem\u0159el v prosinci roku 2000. RTG 0\/0, 4CI 1\/P.<\/p>\n\n\n\n<p><br>Byl v\u00edt\u011bzem mnoha z\u00e1vod\u016f. N\u011bkolikr\u00e1t se \u00fa\u010dastnil vylu\u010dova\u010dek dle IPO 3, zk: SchH 1, ZVV 1, ZVV 2, ZVV 3, ZPO 1, ZPO 2, SchH 3. Arys byl v\u00fdborn\u00fd stopa\u0159 a tvrd\u00fd obran\u00e1\u0159.<\/p>\n<\/div>\n<\/div>\n<\/div>\n\n\n\n<div class=\"wp-block-column is-layout-flow wp-block-column-is-layout-flow\" style=\"flex-basis:50%\">\n<figure class=\"wp-block-image aligncenter size-full is-resized\"><img loading=\"lazy\" decoding=\"async\" width=\"175\" height=\"300\" src=\"https:\/\/zelecsky-hradek.cz\/wp-content\/uploads\/2024\/02\/archiv_arys_na_stupnich_vitezu-1.jpg\" alt=\"\" class=\"wp-image-52\" style=\"width:218px;height:auto\"\/><\/figure>\n<\/div>\n<\/div>\n<\/div>\n\n\n\n<div class=\"wp-block-group has-global-padding is-layout-constrained wp-block-group-is-layout-constrained\">\n<figure class=\"wp-block-gallery has-nested-images columns-default is-cropped wp-block-gallery-4 is-layout-flex wp-block-gallery-is-layout-flex\">\n<figure class=\"wp-block-image aligncenter size-full\"><img loading=\"lazy\" decoding=\"async\" width=\"300\" height=\"239\" data-id=\"53\" src=\"https:\/\/zelecsky-hradek.cz\/wp-content\/uploads\/2024\/02\/archiv_arys_zadrzeni-1.jpg\" alt=\"\" class=\"wp-image-53\"\/><\/figure>\n\n\n\n<figure class=\"wp-block-image aligncenter size-full\"><img loading=\"lazy\" decoding=\"async\" width=\"742\" height=\"560\" data-id=\"54\" src=\"https:\/\/zelecsky-hradek.cz\/wp-content\/uploads\/2024\/02\/archiv_arys-1.jpg\" alt=\"\" class=\"wp-image-54\" srcset=\"https:\/\/zelecsky-hradek.cz\/wp-content\/uploads\/2024\/02\/archiv_arys-1.jpg 742w, https:\/\/zelecsky-hradek.cz\/wp-content\/uploads\/2024\/02\/archiv_arys-1-300x226.jpg 300w\" sizes=\"auto, (max-width: 742px) 100vw, 742px\" \/><\/figure>\n<\/figure>\n<\/div>\n<\/div>\n\n\n\n<div class=\"wp-block-cover alignfull is-light has-parallax\" style=\"padding-top:var(--wp--preset--spacing--50);padding-right:var(--wp--preset--spacing--50);padding-bottom:var(--wp--preset--spacing--50);padding-left:var(--wp--preset--spacing--50);min-height:100vh;aspect-ratio:unset;\"><span aria-hidden=\"true\" class=\"wp-block-cover__background has-base-background-color has-background-dim-0 has-background-dim\"><\/span><div role=\"img\" class=\"wp-block-cover__image-background wp-image-51 has-parallax\" style=\"background-position:50% 50%;background-image:url(https:\/\/zelecsky-hradek.cz\/wp-content\/uploads\/2024\/02\/archiv_dona_due-fa.png)\"><\/div><div class=\"wp-block-cover__inner-container has-global-padding is-layout-constrained wp-container-core-cover-is-layout-e4fd886c wp-block-cover-is-layout-constrained\">\n<p class=\"has-base-2-color has-text-color has-link-color has-x-large-font-size wp-elements-457d29b48b738c14be63bf30482f9a23\"><strong>Dona Due -fa<\/strong><\/p>\n\n\n\n<p class=\"has-base-2-color has-text-color has-link-color wp-elements-64b4701394b457638b307565905cbd86\">Dona Due-Fa byla <strong>zakladatelkou <\/strong>na\u0161\u00ed <strong>chovn\u00e9 stanice \u017dele\u010dsk\u00fd hr\u00e1dek<\/strong>. Dona k n\u00e1m p\u0159i\u0161la v roce 1999 u\u017e jako 3 let\u00e1 fena. Do p\u016fl roku zvl\u00e1dla v\u00fdcvik, v\u00fdstavu, i bonitaci, ud\u011blala zk: SchH 1, RTG 0\/0, v\u00fdstava: velmi dobr\u00e1, na bonitaci jsme jeli do Jesen\u00edk\u016f. Dona byla razantn\u00ed obran\u00e1\u0159ka.<\/p>\n\n\n\n<div style=\"height:116px\" aria-hidden=\"true\" class=\"wp-block-spacer\"><\/div>\n<\/div><\/div>\n\n\n\n<div class=\"wp-block-group alignfull has-base-2-color has-contrast-background-color has-text-color has-background has-link-color wp-elements-cc8654fb1bd8c512dd90baf519a9ea87 has-global-padding is-layout-constrained wp-container-core-group-is-layout-facafb6f wp-block-group-is-layout-constrained\" style=\"margin-top:0;margin-bottom:0;padding-top:var(--wp--preset--spacing--50);padding-right:var(--wp--preset--spacing--50);padding-bottom:var(--wp--preset--spacing--50);padding-left:var(--wp--preset--spacing--50)\">\n<div class=\"wp-block-columns alignwide is-layout-flex wp-container-core-columns-is-layout-d1c656ed wp-block-columns-is-layout-flex\">\n<div class=\"wp-block-column is-layout-flow wp-block-column-is-layout-flow\" style=\"flex-basis:40%\">\n<div class=\"wp-block-group has-global-padding is-layout-constrained wp-block-group-is-layout-constrained\">\n<p class=\"has-large-font-size\" style=\"font-style:normal;font-weight:500;line-height:1.2\">Asta \u017dele\u010dsk\u00fd hr\u00e1dek<\/p>\n<\/div>\n\n\n\n<p>Asta \u017dele\u010dsk\u00fd hr\u00e1dek se narodila v na\u0161\u00ed chovn\u00e9 stanici. Jej\u00ed matka byla Dona Due-Fa. Asta byla vlko\u0161ed\u00e1 se znaky. <\/p>\n\n\n\n<p>Ud\u011blala zkou\u0161ky: ZVV1, IPO 1, ZPO 1, RTG 0\/0, byla v\u00fdborn\u00e1 stopa\u0159ka i obran\u00e1\u0159ka, zem\u0159ela v roce 2007.<\/p>\n<\/div>\n\n\n\n<div class=\"wp-block-column is-vertically-aligned-stretch is-layout-flow wp-block-column-is-layout-flow\" style=\"padding-right:0;flex-basis:60%\">\n<div class=\"wp-block-group is-vertical is-content-justification-stretch is-layout-flex wp-container-core-group-is-layout-ae24f51d wp-block-group-is-layout-flex\" style=\"min-height:100%\">\n<div class=\"wp-block-media-text is-stacked-on-mobile is-style-rounded\" style=\"grid-template-columns:85% auto\"><figure class=\"wp-block-media-text__media\"><img loading=\"lazy\" decoding=\"async\" width=\"940\" height=\"734\" src=\"https:\/\/zelecsky-hradek.cz\/wp-content\/uploads\/2024\/02\/archiv_asta.jpg\" alt=\"\" class=\"wp-image-56 size-full\" srcset=\"https:\/\/zelecsky-hradek.cz\/wp-content\/uploads\/2024\/02\/archiv_asta.jpg 940w, https:\/\/zelecsky-hradek.cz\/wp-content\/uploads\/2024\/02\/archiv_asta-300x234.jpg 300w, https:\/\/zelecsky-hradek.cz\/wp-content\/uploads\/2024\/02\/archiv_asta-768x600.jpg 768w\" sizes=\"auto, (max-width: 940px) 100vw, 940px\" \/><\/figure><div class=\"wp-block-media-text__content\">\n<p><\/p>\n<\/div><\/div>\n<\/div>\n<\/div>\n<\/div>\n<\/div>\n","protected":false},"excerpt":{"rendered":"<p>Jmenuji se Jana V\u00e1gnerov\u00e1 a r\u00e1da bych se v\u00e1m p\u0159edstavila: Psi byli moj\u00ed l\u00e1skou u\u017e od ml\u00e1d\u00ed. Jako d\u00edt\u011b jsme bydleli v panel\u00e1ku a tak jsem nemohla m\u00edt \u017e\u00e1dn\u00e9ho pejska. O to v\u00edc m\u011b to t\u00e1hlo k sousedovic Erysovi, byl to Pudl kr\u00e1lovsk\u00fd. V ka\u017ed\u00e9 voln\u00e9 chv\u00edli jsem s n\u00edm chodila ven. Pozd\u011bji jsem si [&hellip;]<\/p>\n","protected":false},"author":1,"featured_media":0,"parent":25,"menu_order":7,"comment_status":"closed","ping_status":"closed","template":"","meta":{"ngg_post_thumbnail":0,"footnotes":""},"class_list":["post-39","page","type-page","status-publish","hentry"],"_links":{"self":[{"href":"https:\/\/zelecsky-hradek.cz\/index.php\/wp-json\/wp\/v2\/pages\/39","targetHints":{"allow":["GET"]}}],"collection":[{"href":"https:\/\/zelecsky-hradek.cz\/index.php\/wp-json\/wp\/v2\/pages"}],"about":[{"href":"https:\/\/zelecsky-hradek.cz\/index.php\/wp-json\/wp\/v2\/types\/page"}],"author":[{"embeddable":true,"href":"https:\/\/zelecsky-hradek.cz\/index.php\/wp-json\/wp\/v2\/users\/1"}],"replies":[{"embeddable":true,"href":"https:\/\/zelecsky-hradek.cz\/index.php\/wp-json\/wp\/v2\/comments?post=39"}],"version-history":[{"count":4,"href":"https:\/\/zelecsky-hradek.cz\/index.php\/wp-json\/wp\/v2\/pages\/39\/revisions"}],"predecessor-version":[{"id":68,"href":"https:\/\/zelecsky-hradek.cz\/index.php\/wp-json\/wp\/v2\/pages\/39\/revisions\/68"}],"up":[{"embeddable":true,"href":"https:\/\/zelecsky-hradek.cz\/index.php\/wp-json\/wp\/v2\/pages\/25"}],"wp:attachment":[{"href":"https:\/\/zelecsky-hradek.cz\/index.php\/wp-json\/wp\/v2\/media?parent=39"}],"curies":[{"name":"wp","href":"https:\/\/api.w.org\/{rel}","templated":true}]}}

<div class="wp-block-group alignfull has-accent-2-background-color has-background has-global-padding is-layout-constrained wp-container-core-group-is-layout-669513ed wp-block-group-is-layout-constrained" style="margin-top:0;margin-bottom:0;padding-top:var(--wp--preset--spacing--50);padding-right:var(--wp--preset--spacing--50);padding-bottom:var(--wp--preset--spacing--50);padding-left:var(--wp--preset--spacing--50)">
<div class="wp-block-columns alignwide is-layout-flex wp-container-core-columns-is-layout-28f84493 wp-block-columns-is-layout-flex">
<div class="wp-block-column is-layout-flow wp-block-column-is-layout-flow" style="flex-basis:40%">
<p class="wp-container-content-0733e5d0">Jmenuji se Jana Vágnerová a ráda bych se vám představila: </p>
</div>



<div class="wp-block-column is-layout-flow wp-block-column-is-layout-flow" style="flex-basis:60%">
<p class="has-heading-font-family has-large-font-size" style="line-height:1.2">Psi byli mojí láskou už od mládí. Jako dítě jsme bydleli v paneláku a tak jsem nemohla mít žádného pejska. O to víc mě to táhlo k sousedovic Erysovi, byl to Pudl královský. V každé volné chvíli jsem s ním chodila ven.</p>
</div>
</div>



<div class="wp-block-group alignwide is-content-justification-left is-nowrap is-layout-flex wp-container-core-group-is-layout-fc9f69e7 wp-block-group-is-layout-flex">
<div class="wp-block-group alignwide has-global-padding is-layout-constrained wp-block-group-is-layout-constrained">
<figure class="wp-block-gallery alignwide has-nested-images columns-default is-cropped wp-block-gallery-3 is-layout-flex wp-block-gallery-is-layout-flex">
<figure class="wp-block-image size-large has-custom-border is-style-default"><img loading="lazy" decoding="async" width="594" height="810" data-id="40" src="https://zelecsky-hradek.cz/wp-content/uploads/2024/02/archiv_mamka_a_erys.jpg" alt="" class="wp-image-40" style="border-radius:22px" srcset="https://zelecsky-hradek.cz/wp-content/uploads/2024/02/archiv_mamka_a_erys.jpg 594w, https://zelecsky-hradek.cz/wp-content/uploads/2024/02/archiv_mamka_a_erys-220x300.jpg 220w" sizes="auto, (max-width: 594px) 100vw, 594px" /></figure>



<figure class="wp-block-image size-large is-style-rounded wp-duotone-unset-2 is-style-rounded--1"><img loading="lazy" decoding="async" width="238" height="300" data-id="41" src="https://zelecsky-hradek.cz/wp-content/uploads/2024/02/okresni_liga_kynologie_vyskov_1.misto_.jpg" alt="" class="wp-image-41"/></figure>
</figure>
</div>
</div>



<p>Později jsem si koupila mého prvního vlastního psa. Byla to fena německého ovčáka a jmenovala se Evora.<br>S Evorou jsem se účastnila mnoha závodů a zkoušek. Jedním ze závodů byla Okresní liga kynologie ve Vyškově v roce 1984. Umístily jsme se na úžasném 1. místě.</p>
</div>



<div class="wp-block-group alignfull has-base-background-color has-background has-global-padding is-layout-constrained wp-container-core-group-is-layout-d89aad35 wp-block-group-is-layout-constrained" style="margin-top:0;margin-bottom:0;padding-top:var(--wp--preset--spacing--50);padding-right:var(--wp--preset--spacing--50);padding-bottom:var(--wp--preset--spacing--50);padding-left:var(--wp--preset--spacing--50)">
<div class="wp-block-group alignwide has-global-padding is-layout-constrained wp-block-group-is-layout-constrained">
<div class="wp-block-columns alignwide is-layout-flex wp-container-core-columns-is-layout-549b0c86 wp-block-columns-is-layout-flex">
<div class="wp-block-column is-layout-flow wp-container-core-column-is-layout-119bc444 wp-block-column-is-layout-flow" style="flex-basis:50%">
<p class="has-heading-font-family has-x-large-font-size" style="line-height:1.2">Arys Trstan</p>



<div class="wp-block-columns is-layout-flex wp-container-core-columns-is-layout-87beb0d0 wp-block-columns-is-layout-flex">
<div class="wp-block-column is-layout-flow wp-block-column-is-layout-flow">
<p>Arys Trstan byl německý ovčák s opravdu tvrdou povahou. Byl černý se znaky, narodil se roce 1993 a zemřel v prosinci roku 2000. RTG 0/0, 4CI 1/P.</p>



<p><br>Byl vítězem mnoha závodů. Několikrát se účastnil vylučovaček dle IPO 3, zk: SchH 1, ZVV 1, ZVV 2, ZVV 3, ZPO 1, ZPO 2, SchH 3. Arys byl výborný stopař a tvrdý obranář.</p>
</div>
</div>
</div>



<div class="wp-block-column is-layout-flow wp-block-column-is-layout-flow" style="flex-basis:50%">
<figure class="wp-block-image aligncenter size-full is-resized"><img loading="lazy" decoding="async" width="175" height="300" src="https://zelecsky-hradek.cz/wp-content/uploads/2024/02/archiv_arys_na_stupnich_vitezu-1.jpg" alt="" class="wp-image-52" style="width:218px;height:auto"/></figure>
</div>
</div>
</div>



<div class="wp-block-group has-global-padding is-layout-constrained wp-block-group-is-layout-constrained">
<figure class="wp-block-gallery has-nested-images columns-default is-cropped wp-block-gallery-4 is-layout-flex wp-block-gallery-is-layout-flex">
<figure class="wp-block-image aligncenter size-full"><img loading="lazy" decoding="async" width="300" height="239" data-id="53" src="https://zelecsky-hradek.cz/wp-content/uploads/2024/02/archiv_arys_zadrzeni-1.jpg" alt="" class="wp-image-53"/></figure>



<figure class="wp-block-image aligncenter size-full"><img loading="lazy" decoding="async" width="742" height="560" data-id="54" src="https://zelecsky-hradek.cz/wp-content/uploads/2024/02/archiv_arys-1.jpg" alt="" class="wp-image-54" srcset="https://zelecsky-hradek.cz/wp-content/uploads/2024/02/archiv_arys-1.jpg 742w, https://zelecsky-hradek.cz/wp-content/uploads/2024/02/archiv_arys-1-300x226.jpg 300w" sizes="auto, (max-width: 742px) 100vw, 742px" /></figure>
</figure>
</div>
</div>



<div class="wp-block-cover alignfull is-light has-parallax" style="padding-top:var(--wp--preset--spacing--50);padding-right:var(--wp--preset--spacing--50);padding-bottom:var(--wp--preset--spacing--50);padding-left:var(--wp--preset--spacing--50);min-height:100vh;aspect-ratio:unset;"><span aria-hidden="true" class="wp-block-cover__background has-base-background-color has-background-dim-0 has-background-dim"></span><div role="img" class="wp-block-cover__image-background wp-image-51 has-parallax" style="background-position:50% 50%;background-image:url(https://zelecsky-hradek.cz/wp-content/uploads/2024/02/archiv_dona_due-fa.png)"></div><div class="wp-block-cover__inner-container has-global-padding is-layout-constrained wp-container-core-cover-is-layout-e4fd886c wp-block-cover-is-layout-constrained">
<p class="has-base-2-color has-text-color has-link-color has-x-large-font-size wp-elements-457d29b48b738c14be63bf30482f9a23"><strong>Dona Due -fa</strong></p>



<p class="has-base-2-color has-text-color has-link-color wp-elements-64b4701394b457638b307565905cbd86">Dona Due-Fa byla <strong>zakladatelkou </strong>naší <strong>chovné stanice Želečský hrádek</strong>. Dona k nám přišla v roce 1999 už jako 3 letá fena. Do půl roku zvládla výcvik, výstavu, i bonitaci, udělala zk: SchH 1, RTG 0/0, výstava: velmi dobrá, na bonitaci jsme jeli do Jeseníků. Dona byla razantní obranářka.</p>



<div style="height:116px" aria-hidden="true" class="wp-block-spacer"></div>
</div></div>



<div class="wp-block-group alignfull has-base-2-color has-contrast-background-color has-text-color has-background has-link-color wp-elements-cc8654fb1bd8c512dd90baf519a9ea87 has-global-padding is-layout-constrained wp-container-core-group-is-layout-facafb6f wp-block-group-is-layout-constrained" style="margin-top:0;margin-bottom:0;padding-top:var(--wp--preset--spacing--50);padding-right:var(--wp--preset--spacing--50);padding-bottom:var(--wp--preset--spacing--50);padding-left:var(--wp--preset--spacing--50)">
<div class="wp-block-columns alignwide is-layout-flex wp-container-core-columns-is-layout-d1c656ed wp-block-columns-is-layout-flex">
<div class="wp-block-column is-layout-flow wp-block-column-is-layout-flow" style="flex-basis:40%">
<div class="wp-block-group has-global-padding is-layout-constrained wp-block-group-is-layout-constrained">
<p class="has-large-font-size" style="font-style:normal;font-weight:500;line-height:1.2">Asta Želečský hrádek</p>
</div>



<p>Asta Želečský hrádek se narodila v naší chovné stanici. Její matka byla Dona Due-Fa. Asta byla vlkošedá se znaky. </p>



<p>Udělala zkoušky: ZVV1, IPO 1, ZPO 1, RTG 0/0, byla výborná stopařka i obranářka, zemřela v roce 2007.</p>
</div>



<div class="wp-block-column is-vertically-aligned-stretch is-layout-flow wp-block-column-is-layout-flow" style="padding-right:0;flex-basis:60%">
<div class="wp-block-group is-vertical is-content-justification-stretch is-layout-flex wp-container-core-group-is-layout-ae24f51d wp-block-group-is-layout-flex" style="min-height:100%">
<div class="wp-block-media-text is-stacked-on-mobile is-style-rounded" style="grid-template-columns:85% auto"><figure class="wp-block-media-text__media"><img loading="lazy" decoding="async" width="940" height="734" src="https://zelecsky-hradek.cz/wp-content/uploads/2024/02/archiv_asta.jpg" alt="" class="wp-image-56 size-full" srcset="https://zelecsky-hradek.cz/wp-content/uploads/2024/02/archiv_asta.jpg 940w, https://zelecsky-hradek.cz/wp-content/uploads/2024/02/archiv_asta-300x234.jpg 300w, https://zelecsky-hradek.cz/wp-content/uploads/2024/02/archiv_asta-768x600.jpg 768w" sizes="auto, (max-width: 940px) 100vw, 940px" /></figure><div class="wp-block-media-text__content">
<p></p>
</div></div>
</div>
</div>
</div>
</div>

<p>Jmenuji se Jana Vágnerová a ráda bych se vám představila: Psi byli mojí láskou už od mládí. Jako dítě jsme bydleli v paneláku a tak jsem nemohla mít žádného pejska. O to víc mě to táhlo k sousedovic Erysovi, byl to Pudl královský. V každé volné chvíli jsem s ním chodila ven. Později jsem si [&hellip;]</p>
