{"id":124,"date":"2024-03-03T16:34:21","date_gmt":"2024-03-03T15:34:21","guid":{"rendered":"https:\/\/zelecsky-hradek.cz\/?page_id=124"},"modified":"2024-03-20T11:41:50","modified_gmt":"2024-03-20T10:41:50","slug":"iggy","status":"publish","type":"page","link":"https:\/\/zelecsky-hradek.cz\/index.php\/nasi-pejsci\/iggy\/","title":{"rendered":"Iggy"},"content":{"rendered":"\n<p class=\"has-text-align-center\">Iggy \u017dele\u010dsk\u00fd hr\u00e1dek se narodila 8. srpna 2014 v na\u0161\u00ed chovn\u00e9 stanici. <br><\/p>\n\n\n\n<figure class=\"wp-block-image size-full is-style-rounded is-style-rounded--1\"><img loading=\"lazy\" decoding=\"async\" width=\"657\" height=\"754\" src=\"https:\/\/zelecsky-hradek.cz\/wp-content\/uploads\/2024\/03\/Iggy-7-tydnu1.jpg\" alt=\"\" class=\"wp-image-125\" srcset=\"https:\/\/zelecsky-hradek.cz\/wp-content\/uploads\/2024\/03\/Iggy-7-tydnu1.jpg 657w, https:\/\/zelecsky-hradek.cz\/wp-content\/uploads\/2024\/03\/Iggy-7-tydnu1-261x300.jpg 261w\" sizes=\"auto, (max-width: 657px) 100vw, 657px\" \/><\/figure>\n\n\n\n<p><\/p>\n\n\n\n<div class=\"wp-block-group alignfull has-background has-global-padding is-layout-constrained wp-container-core-group-is-layout-d89aad35 wp-block-group-is-layout-constrained\" style=\"background-color:#794dab63;margin-top:0;margin-bottom:0;padding-top:var(--wp--preset--spacing--50);padding-right:var(--wp--preset--spacing--50);padding-bottom:var(--wp--preset--spacing--50);padding-left:var(--wp--preset--spacing--50)\">\n<div class=\"wp-block-columns alignwide is-layout-flex wp-container-core-columns-is-layout-47c06fe3 wp-block-columns-is-layout-flex\">\n<div class=\"wp-block-column is-vertically-aligned-top is-layout-flow wp-block-column-is-layout-flow\" style=\"flex-basis:50%\">\n<h2 class=\"wp-block-heading\">Ml\u00e1d\u00ed<\/h2>\n\n\n\n<p>Jej\u00ed m\u00e1mou je Eco a t\u00e1tou Pitr\u00edsek. A je to na n\u00ed zn\u00e1t. Byla nejmen\u0161\u00ed z vrhu I &#8230; \u010dernohlav\u00e1 Iggynka s malou b\u00edlou kapi\u010dkou na hlav\u011b v\u0161ak byla jasn\u00e1 volba&#8230; alespo\u0148 pro mamku&#8230; mn\u011b se zd\u00e1lo, \u017ee n\u011bjak moc sp\u00ed a le\u017e\u00ed. <\/p>\n\n\n\n<p> Ano uzn\u00e1v\u00e1m, leccos se zm\u011bnilo. Z Iggy u\u017e je \u010dernohlav\u00e1 dosp\u011bl\u00e1 fenka, o kter\u00e9 m\u016f\u017eeme \u0159\u00edct cokoliv, jen ne to, \u017ee moc sp\u00ed a le\u017e\u00ed.<\/p>\n<\/div>\n\n\n\n<div class=\"wp-block-column is-vertically-aligned-center is-layout-flow wp-block-column-is-layout-flow\" style=\"flex-basis:50%\">\n<figure class=\"wp-block-image size-full is-style-rounded is-style-rounded--2\"><img loading=\"lazy\" decoding=\"async\" width=\"768\" height=\"768\" src=\"https:\/\/zelecsky-hradek.cz\/wp-content\/uploads\/2024\/03\/iggy-skokan-768x768-1.jpg\" alt=\"\" class=\"wp-image-129\" style=\"aspect-ratio:4\/3;object-fit:cover\" srcset=\"https:\/\/zelecsky-hradek.cz\/wp-content\/uploads\/2024\/03\/iggy-skokan-768x768-1.jpg 768w, https:\/\/zelecsky-hradek.cz\/wp-content\/uploads\/2024\/03\/iggy-skokan-768x768-1-300x300.jpg 300w, https:\/\/zelecsky-hradek.cz\/wp-content\/uploads\/2024\/03\/iggy-skokan-768x768-1-150x150.jpg 150w\" sizes=\"auto, (max-width: 768px) 100vw, 768px\" \/><\/figure>\n<\/div>\n<\/div>\n<\/div>\n\n\n\n<div class=\"wp-block-group alignfull has-global-padding is-layout-constrained wp-container-core-group-is-layout-d89aad35 wp-block-group-is-layout-constrained\" style=\"margin-top:0;margin-bottom:0;padding-top:var(--wp--preset--spacing--50);padding-right:var(--wp--preset--spacing--50);padding-bottom:var(--wp--preset--spacing--50);padding-left:var(--wp--preset--spacing--50)\">\n<div class=\"wp-block-columns alignwide is-layout-flex wp-container-core-columns-is-layout-47c06fe3 wp-block-columns-is-layout-flex\">\n<div class=\"wp-block-column is-vertically-aligned-center is-layout-flow wp-block-column-is-layout-flow\" style=\"flex-basis:50%\">\n<figure class=\"wp-block-image size-full is-style-rounded is-style-rounded--3\"><img loading=\"lazy\" decoding=\"async\" width=\"768\" height=\"898\" src=\"https:\/\/zelecsky-hradek.cz\/wp-content\/uploads\/2024\/03\/iggy-a-rukav-768x898-1.jpg\" alt=\"\" class=\"wp-image-132\" style=\"aspect-ratio:4\/3;object-fit:cover\" srcset=\"https:\/\/zelecsky-hradek.cz\/wp-content\/uploads\/2024\/03\/iggy-a-rukav-768x898-1.jpg 768w, https:\/\/zelecsky-hradek.cz\/wp-content\/uploads\/2024\/03\/iggy-a-rukav-768x898-1-257x300.jpg 257w\" sizes=\"auto, (max-width: 768px) 100vw, 768px\" \/><\/figure>\n<\/div>\n\n\n\n<div class=\"wp-block-column is-vertically-aligned-top is-layout-flow wp-block-column-is-layout-flow\" style=\"flex-basis:50%\">\n<h2 class=\"wp-block-heading\">V\u00fdcvik<\/h2>\n\n\n\n<p>Jak \u0161el \u010das Iggy rostla a postupn\u011b p\u0159i\u010duchla ke stopov\u00e1n\u00ed, poslu\u0161nosti, obran\u011b i pasen\u00ed.<\/p>\n\n\n\n<p>Na ja\u0159e 2016 Iggy zvl\u00e1dla stopa\u0159skou zkou\u0161ky FPr 1. Jednalo se o FPr 1. Ter\u00e9n byla n\u00edzk\u00e1 jetelina, Iggy se s t\u00edm poprala opravdu state\u010dn\u011b z\u00edskala kr\u00e1sn\u00fdch 94 bod\u016f. Za dva t\u00fddny potom zvl\u00e1dla i BH a ZVV 1.<\/p>\n<\/div>\n<\/div>\n<\/div>\n\n\n\n<div class=\"wp-block-group alignfull has-background has-global-padding is-layout-constrained wp-container-core-group-is-layout-d89aad35 wp-block-group-is-layout-constrained\" style=\"background-color:#794dab63;margin-top:0;margin-bottom:0;padding-top:var(--wp--preset--spacing--50);padding-right:var(--wp--preset--spacing--50);padding-bottom:var(--wp--preset--spacing--50);padding-left:var(--wp--preset--spacing--50)\">\n<div class=\"wp-block-columns alignwide is-layout-flex wp-container-core-columns-is-layout-47c06fe3 wp-block-columns-is-layout-flex\">\n<div class=\"wp-block-column is-vertically-aligned-top is-layout-flow wp-block-column-is-layout-flow\" style=\"flex-basis:50%\">\n<h2 class=\"wp-block-heading\">Radosti &amp; \u0161t\u011b\u0148ata<\/h2>\n\n\n\n<p>Iggy je prost\u011b \u017eivel. Na ja\u0159e ke kolu, v\u00e1let se v pampeli\u0161k\u00e1ch, v l\u00e9t\u011b sk\u00e1kat do vody na podzim sk\u00e1kat do hromady list\u00ed a v zim\u011b miluje chyt\u00e1n\u00ed sn\u011bhov\u00fdch koul\u00ed.<\/p>\n\n\n\n<p><strong>\u0160t\u011b\u0148ata:<\/strong><\/p>\n\n\n\n<p>Iggy je u\u017e v sou\u010dasn\u00e9 dob\u011b v d\u016fchodu. Iggy m\u011bla 5 vrh\u016f. <\/p>\n\n\n\n<div class=\"wp-block-buttons is-layout-flex wp-block-buttons-is-layout-flex\">\n<div class=\"wp-block-button\"><a class=\"wp-block-button__link wp-element-button\" href=\"https:\/\/zelecsky-hradek.cz\/index.php\/odchovy\/iggy-odchovy\/\">Odchovy <\/a><\/div>\n<\/div>\n<\/div>\n\n\n\n<div class=\"wp-block-column is-vertically-aligned-center is-layout-flow wp-block-column-is-layout-flow\" style=\"flex-basis:50%\">\n<figure class=\"wp-block-image size-full is-resized is-style-rounded is-style-rounded--4\"><img loading=\"lazy\" decoding=\"async\" width=\"1000\" height=\"567\" src=\"https:\/\/zelecsky-hradek.cz\/wp-content\/uploads\/2024\/03\/Iggynka-kopie.jpg\" alt=\"\" class=\"wp-image-131\" style=\"aspect-ratio:1.3333333333333333;object-fit:cover;width:468px;height:auto\" srcset=\"https:\/\/zelecsky-hradek.cz\/wp-content\/uploads\/2024\/03\/Iggynka-kopie.jpg 1000w, https:\/\/zelecsky-hradek.cz\/wp-content\/uploads\/2024\/03\/Iggynka-kopie-300x170.jpg 300w, https:\/\/zelecsky-hradek.cz\/wp-content\/uploads\/2024\/03\/Iggynka-kopie-768x435.jpg 768w\" sizes=\"auto, (max-width: 1000px) 100vw, 1000px\" \/><\/figure>\n<\/div>\n<\/div>\n<\/div>\n\n\n\n<div class=\"wp-block-group alignfull has-global-padding is-layout-constrained wp-container-core-group-is-layout-d89aad35 wp-block-group-is-layout-constrained\" style=\"margin-top:0;margin-bottom:0;padding-top:var(--wp--preset--spacing--50);padding-right:var(--wp--preset--spacing--50);padding-bottom:var(--wp--preset--spacing--50);padding-left:var(--wp--preset--spacing--50)\">\n<div class=\"wp-block-columns alignwide are-vertically-aligned-center is-layout-flex wp-container-core-columns-is-layout-47c06fe3 wp-block-columns-is-layout-flex\">\n<div class=\"wp-block-column is-vertically-aligned-center is-layout-flow wp-block-column-is-layout-flow\" style=\"flex-basis:50%\">\n<figure class=\"wp-block-image size-full is-resized is-style-rounded is-style-rounded--5\"><img loading=\"lazy\" decoding=\"async\" width=\"1000\" height=\"750\" src=\"https:\/\/zelecsky-hradek.cz\/wp-content\/uploads\/2024\/03\/uklona-1.jpg\" alt=\"\" class=\"wp-image-134\" style=\"object-fit:cover;width:480px;height:auto\" srcset=\"https:\/\/zelecsky-hradek.cz\/wp-content\/uploads\/2024\/03\/uklona-1.jpg 1000w, https:\/\/zelecsky-hradek.cz\/wp-content\/uploads\/2024\/03\/uklona-1-300x225.jpg 300w, https:\/\/zelecsky-hradek.cz\/wp-content\/uploads\/2024\/03\/uklona-1-768x576.jpg 768w\" sizes=\"auto, (max-width: 1000px) 100vw, 1000px\" \/><\/figure>\n<\/div>\n\n\n\n<div class=\"wp-block-column is-vertically-aligned-center is-layout-flow wp-block-column-is-layout-flow\" style=\"flex-basis:50%\">\n<h2 class=\"wp-block-heading\">Zkou\u0161ky<\/h2>\n\n\n\n<p><strong>Otec<\/strong>: Hummer Mintaka Pitr\u00edsek<br><strong>Matka<\/strong>: Eco \u017dele\u010dsk\u00fd hr\u00e1dek<\/p>\n\n\n\n<p><strong>Zkou\u0161ky<\/strong>: <\/p>\n\n\n\n<ul style=\"line-height:1.75\" class=\"is-style-checkmark-list wp-block-list\">\n<li>BH <\/li>\n\n\n\n<li>ZVV 1<\/li>\n\n\n\n<li>FPr 1, FPr 2<\/li>\n\n\n\n<li>IPO 1, IPO 2, IPO 3<\/li>\n\n\n\n<li>SPr 1, SPr 2<\/li>\n<\/ul>\n\n\n\n<div class=\"wp-block-buttons is-layout-flex wp-block-buttons-is-layout-flex\">\n<div class=\"wp-block-button\"><a class=\"wp-block-button__link wp-element-button\" href=\"https:\/\/zelecsky-hradek.cz\/index.php\/o-nas\/rodokmeny-a-zdravi\/#Iggy-rodokmen\">Rodokmen a zdrav\u00ed<\/a><\/div>\n<\/div>\n<\/div>\n<\/div>\n<\/div>\n","protected":false},"excerpt":{"rendered":"<p>Iggy \u017dele\u010dsk\u00fd hr\u00e1dek se narodila 8. srpna 2014 v na\u0161\u00ed chovn\u00e9 stanici. Ml\u00e1d\u00ed Jej\u00ed m\u00e1mou je Eco a t\u00e1tou Pitr\u00edsek. A je to na n\u00ed zn\u00e1t. Byla nejmen\u0161\u00ed z vrhu I &#8230; \u010dernohlav\u00e1 Iggynka s malou b\u00edlou kapi\u010dkou na hlav\u011b v\u0161ak byla jasn\u00e1 volba&#8230; alespo\u0148 pro mamku&#8230; mn\u011b se zd\u00e1lo, \u017ee n\u011bjak moc sp\u00ed a [&hellip;]<\/p>\n","protected":false},"author":1,"featured_media":0,"parent":25,"menu_order":3,"comment_status":"closed","ping_status":"closed","template":"","meta":{"ngg_post_thumbnail":0,"footnotes":""},"class_list":["post-124","page","type-page","status-publish","hentry"],"_links":{"self":[{"href":"https:\/\/zelecsky-hradek.cz\/index.php\/wp-json\/wp\/v2\/pages\/124","targetHints":{"allow":["GET"]}}],"collection":[{"href":"https:\/\/zelecsky-hradek.cz\/index.php\/wp-json\/wp\/v2\/pages"}],"about":[{"href":"https:\/\/zelecsky-hradek.cz\/index.php\/wp-json\/wp\/v2\/types\/page"}],"author":[{"embeddable":true,"href":"https:\/\/zelecsky-hradek.cz\/index.php\/wp-json\/wp\/v2\/users\/1"}],"replies":[{"embeddable":true,"href":"https:\/\/zelecsky-hradek.cz\/index.php\/wp-json\/wp\/v2\/comments?post=124"}],"version-history":[{"count":6,"href":"https:\/\/zelecsky-hradek.cz\/index.php\/wp-json\/wp\/v2\/pages\/124\/revisions"}],"predecessor-version":[{"id":1299,"href":"https:\/\/zelecsky-hradek.cz\/index.php\/wp-json\/wp\/v2\/pages\/124\/revisions\/1299"}],"up":[{"embeddable":true,"href":"https:\/\/zelecsky-hradek.cz\/index.php\/wp-json\/wp\/v2\/pages\/25"}],"wp:attachment":[{"href":"https:\/\/zelecsky-hradek.cz\/index.php\/wp-json\/wp\/v2\/media?parent=124"}],"curies":[{"name":"wp","href":"https:\/\/api.w.org\/{rel}","templated":true}]}}

<p class="has-text-align-center">Iggy Želečský hrádek se narodila 8. srpna 2014 v naší chovné stanici. <br></p>



<figure class="wp-block-image size-full is-style-rounded is-style-rounded--1"><img loading="lazy" decoding="async" width="657" height="754" src="https://zelecsky-hradek.cz/wp-content/uploads/2024/03/Iggy-7-tydnu1.jpg" alt="" class="wp-image-125" srcset="https://zelecsky-hradek.cz/wp-content/uploads/2024/03/Iggy-7-tydnu1.jpg 657w, https://zelecsky-hradek.cz/wp-content/uploads/2024/03/Iggy-7-tydnu1-261x300.jpg 261w" sizes="auto, (max-width: 657px) 100vw, 657px" /></figure>



<p></p>



<div class="wp-block-group alignfull has-background has-global-padding is-layout-constrained wp-container-core-group-is-layout-d89aad35 wp-block-group-is-layout-constrained" style="background-color:#794dab63;margin-top:0;margin-bottom:0;padding-top:var(--wp--preset--spacing--50);padding-right:var(--wp--preset--spacing--50);padding-bottom:var(--wp--preset--spacing--50);padding-left:var(--wp--preset--spacing--50)">
<div class="wp-block-columns alignwide is-layout-flex wp-container-core-columns-is-layout-47c06fe3 wp-block-columns-is-layout-flex">
<div class="wp-block-column is-vertically-aligned-top is-layout-flow wp-block-column-is-layout-flow" style="flex-basis:50%">
<h2 class="wp-block-heading">Mládí</h2>



<p>Její mámou je Eco a tátou Pitrísek. A je to na ní znát. Byla nejmenší z vrhu I &#8230; černohlavá Iggynka s malou bílou kapičkou na hlavě však byla jasná volba&#8230; alespoň pro mamku&#8230; mně se zdálo, že nějak moc spí a leží. </p>



<p> Ano uznávám, leccos se změnilo. Z Iggy už je černohlavá dospělá fenka, o které můžeme říct cokoliv, jen ne to, že moc spí a leží.</p>
</div>



<div class="wp-block-column is-vertically-aligned-center is-layout-flow wp-block-column-is-layout-flow" style="flex-basis:50%">
<figure class="wp-block-image size-full is-style-rounded is-style-rounded--2"><img loading="lazy" decoding="async" width="768" height="768" src="https://zelecsky-hradek.cz/wp-content/uploads/2024/03/iggy-skokan-768x768-1.jpg" alt="" class="wp-image-129" style="aspect-ratio:4/3;object-fit:cover" srcset="https://zelecsky-hradek.cz/wp-content/uploads/2024/03/iggy-skokan-768x768-1.jpg 768w, https://zelecsky-hradek.cz/wp-content/uploads/2024/03/iggy-skokan-768x768-1-300x300.jpg 300w, https://zelecsky-hradek.cz/wp-content/uploads/2024/03/iggy-skokan-768x768-1-150x150.jpg 150w" sizes="auto, (max-width: 768px) 100vw, 768px" /></figure>
</div>
</div>
</div>



<div class="wp-block-group alignfull has-global-padding is-layout-constrained wp-container-core-group-is-layout-d89aad35 wp-block-group-is-layout-constrained" style="margin-top:0;margin-bottom:0;padding-top:var(--wp--preset--spacing--50);padding-right:var(--wp--preset--spacing--50);padding-bottom:var(--wp--preset--spacing--50);padding-left:var(--wp--preset--spacing--50)">
<div class="wp-block-columns alignwide is-layout-flex wp-container-core-columns-is-layout-47c06fe3 wp-block-columns-is-layout-flex">
<div class="wp-block-column is-vertically-aligned-center is-layout-flow wp-block-column-is-layout-flow" style="flex-basis:50%">
<figure class="wp-block-image size-full is-style-rounded is-style-rounded--3"><img loading="lazy" decoding="async" width="768" height="898" src="https://zelecsky-hradek.cz/wp-content/uploads/2024/03/iggy-a-rukav-768x898-1.jpg" alt="" class="wp-image-132" style="aspect-ratio:4/3;object-fit:cover" srcset="https://zelecsky-hradek.cz/wp-content/uploads/2024/03/iggy-a-rukav-768x898-1.jpg 768w, https://zelecsky-hradek.cz/wp-content/uploads/2024/03/iggy-a-rukav-768x898-1-257x300.jpg 257w" sizes="auto, (max-width: 768px) 100vw, 768px" /></figure>
</div>



<div class="wp-block-column is-vertically-aligned-top is-layout-flow wp-block-column-is-layout-flow" style="flex-basis:50%">
<h2 class="wp-block-heading">Výcvik</h2>



<p>Jak šel čas Iggy rostla a postupně přičuchla ke stopování, poslušnosti, obraně i pasení.</p>



<p>Na jaře 2016 Iggy zvládla stopařskou zkoušky FPr 1. Jednalo se o FPr 1. Terén byla nízká jetelina, Iggy se s tím poprala opravdu statečně získala krásných 94 bodů. Za dva týdny potom zvládla i BH a ZVV 1.</p>
</div>
</div>
</div>



<div class="wp-block-group alignfull has-background has-global-padding is-layout-constrained wp-container-core-group-is-layout-d89aad35 wp-block-group-is-layout-constrained" style="background-color:#794dab63;margin-top:0;margin-bottom:0;padding-top:var(--wp--preset--spacing--50);padding-right:var(--wp--preset--spacing--50);padding-bottom:var(--wp--preset--spacing--50);padding-left:var(--wp--preset--spacing--50)">
<div class="wp-block-columns alignwide is-layout-flex wp-container-core-columns-is-layout-47c06fe3 wp-block-columns-is-layout-flex">
<div class="wp-block-column is-vertically-aligned-top is-layout-flow wp-block-column-is-layout-flow" style="flex-basis:50%">
<h2 class="wp-block-heading">Radosti &amp; štěňata</h2>



<p>Iggy je prostě živel. Na jaře ke kolu, válet se v pampeliškách, v létě skákat do vody na podzim skákat do hromady listí a v zimě miluje chytání sněhových koulí.</p>



<p><strong>Štěňata:</strong></p>



<p>Iggy je už v současné době v důchodu. Iggy měla 5 vrhů. </p>



<div class="wp-block-buttons is-layout-flex wp-block-buttons-is-layout-flex">
<div class="wp-block-button"><a class="wp-block-button__link wp-element-button" href="https://zelecsky-hradek.cz/index.php/odchovy/iggy-odchovy/">Odchovy </a></div>
</div>
</div>



<div class="wp-block-column is-vertically-aligned-center is-layout-flow wp-block-column-is-layout-flow" style="flex-basis:50%">
<figure class="wp-block-image size-full is-resized is-style-rounded is-style-rounded--4"><img loading="lazy" decoding="async" width="1000" height="567" src="https://zelecsky-hradek.cz/wp-content/uploads/2024/03/Iggynka-kopie.jpg" alt="" class="wp-image-131" style="aspect-ratio:1.3333333333333333;object-fit:cover;width:468px;height:auto" srcset="https://zelecsky-hradek.cz/wp-content/uploads/2024/03/Iggynka-kopie.jpg 1000w, https://zelecsky-hradek.cz/wp-content/uploads/2024/03/Iggynka-kopie-300x170.jpg 300w, https://zelecsky-hradek.cz/wp-content/uploads/2024/03/Iggynka-kopie-768x435.jpg 768w" sizes="auto, (max-width: 1000px) 100vw, 1000px" /></figure>
</div>
</div>
</div>



<div class="wp-block-group alignfull has-global-padding is-layout-constrained wp-container-core-group-is-layout-d89aad35 wp-block-group-is-layout-constrained" style="margin-top:0;margin-bottom:0;padding-top:var(--wp--preset--spacing--50);padding-right:var(--wp--preset--spacing--50);padding-bottom:var(--wp--preset--spacing--50);padding-left:var(--wp--preset--spacing--50)">
<div class="wp-block-columns alignwide are-vertically-aligned-center is-layout-flex wp-container-core-columns-is-layout-47c06fe3 wp-block-columns-is-layout-flex">
<div class="wp-block-column is-vertically-aligned-center is-layout-flow wp-block-column-is-layout-flow" style="flex-basis:50%">
<figure class="wp-block-image size-full is-resized is-style-rounded is-style-rounded--5"><img loading="lazy" decoding="async" width="1000" height="750" src="https://zelecsky-hradek.cz/wp-content/uploads/2024/03/uklona-1.jpg" alt="" class="wp-image-134" style="object-fit:cover;width:480px;height:auto" srcset="https://zelecsky-hradek.cz/wp-content/uploads/2024/03/uklona-1.jpg 1000w, https://zelecsky-hradek.cz/wp-content/uploads/2024/03/uklona-1-300x225.jpg 300w, https://zelecsky-hradek.cz/wp-content/uploads/2024/03/uklona-1-768x576.jpg 768w" sizes="auto, (max-width: 1000px) 100vw, 1000px" /></figure>
</div>



<div class="wp-block-column is-vertically-aligned-center is-layout-flow wp-block-column-is-layout-flow" style="flex-basis:50%">
<h2 class="wp-block-heading">Zkoušky</h2>



<p><strong>Otec</strong>: Hummer Mintaka Pitrísek<br><strong>Matka</strong>: Eco Želečský hrádek</p>



<p><strong>Zkoušky</strong>: </p>



<ul style="line-height:1.75" class="is-style-checkmark-list wp-block-list">
<li>BH </li>



<li>ZVV 1</li>



<li>FPr 1, FPr 2</li>



<li>IPO 1, IPO 2, IPO 3</li>



<li>SPr 1, SPr 2</li>
</ul>



<div class="wp-block-buttons is-layout-flex wp-block-buttons-is-layout-flex">
<div class="wp-block-button"><a class="wp-block-button__link wp-element-button" href="https://zelecsky-hradek.cz/index.php/o-nas/rodokmeny-a-zdravi/#Iggy-rodokmen">Rodokmen a zdraví</a></div>
</div>
</div>
</div>
</div>

<p>Iggy Želečský hrádek se narodila 8. srpna 2014 v naší chovné stanici. Mládí Její mámou je Eco a tátou Pitrísek. A je to na ní znát. Byla nejmenší z vrhu I &#8230; černohlavá Iggynka s malou bílou kapičkou na hlavě však byla jasná volba&#8230; alespoň pro mamku&#8230; mně se zdálo, že nějak moc spí a [&hellip;]</p>
